ors of n?
2, 5
Let y(w) = 21*w - 6. Let h be y(-4). Let d = -35 - h. Suppose 0 = 3*n - 12, 2*x + 5*n - d = -3*x. List the prime factors of x.
7
Let m = -84 + 105. Let c = m - -14. List the prime factors of c.
5, 7
Let b = 2959 + -1695. What are the prime factors of b?
2, 79
Let t(p) = 2*p**2 - 14*p - 15. Let m be t(8). Let v(f) = 168*f + 1. What are the prime factors of v(m)?
13
Let z = 4 - 2. Let x = 7 - z. Let d = x + 5. List the prime factors of d.
2, 5
Suppose 3*p = 29 + 22. Let o = 34 + p. List the prime factors of o.
3, 17
Suppose 3*w + i = 125, 2*w - i = 4*w - 84. Suppose -4*l + 59 = -w. Suppose 8*b - l = 3*b. List the prime factors of b.
5
Suppose 3*p - 2*p - 48 = -5*o, 3 = o. Suppose -p = 4*x - 209. What are the prime factors of x?
2, 11
Suppose -5*f + 3*t = -8036, 210 = -f - 2*t + 1825. What are the prime factors of f?
1609
Let b(p) = -24*p + 19. Let n(t) = -5*t + 4. Let g(y) = -4*b(y) + 22*n(y). Let h be g(-6). Suppose -h = 4*v - 8*v. List the prime factors of v.
2, 3
Let g(z) be the second derivative of z**4/3 + z**3/3 + z**2/2 - 3*z. Let k be g(-1). Suppose 32 = k*y + f - 43, -y = -f - 21. List the prime factors of y.
2, 3
Let k = 4 - 18. Let p = 17 + k. Suppose p*o - 57 = -0. What are the prime factors of o?
19
Let c(o) = -o**3 - 47*o**2 + 32*o - 70. List the prime factors of c(-48).
2, 349
Suppose 0 = -3*l - l - 64. Let n be (1/(-4))/((-4)/l). List the prime factors of (16 - -3)*(0 - n).
19
Let c be (-4)/(-2) - (45 + -3). Let w be 63 - (-4)/((-16)/(-12)). Let g = w + c. What are the prime factors of g?
2, 13
Let s be 1610/20 + (-3)/2. Suppose c - 3*w = 46, 5*c - s - 211 = -5*w. List the prime factors of c.
5, 11
Let g(b) = b**3 - 8*b**2 + 8*b - 3. Let i be g(7). Suppose i*t = -y + 148, -2*y + 2 = 10. What are the prime factors of t?
2, 19
Let w = -14 + 18. Suppose o = -w*v + 210, 4*v - 3*o - 98 = 2*v. What are the prime factors of v?
2, 13
Suppose k = 3*j, 4*j = -4*k + 2 + 14. Suppose -2*g - 17 = -4*g + a, k*g - 5*a - 8 = 0. What are the prime factors of g?
11
Let x = 87 - 199. Let d = x + 181. List the prime factors of d.
3, 23
Let q(o) = -o - 19. Let j be q(-17). List the prime factors of (5 - 1) + 4 + 12 + j.
2, 3
Let q be (-3 - -2)*(-125 + 3/3). Let o = 246 - q. List the prime factors of o.
2, 61
Suppose 15 = -n - 10. Let d = n - -106. What are the prime factors of d?
3
Let d(o) = 2*o**2 + 5*o + 3. Let w = 6 - 13. Let t be d(w). Suppose 3*c - t = c. What are the prime factors of c?
3, 11
Suppose 0 = -z + 3, 23 = -k + 4*z. Let u be k/2*-2 - -3. Suppose u = v - 15. What are the prime factors of v?
29
Suppose -2*b - 18 = 2. Let o be (b/6)/((-5)/15). What are the prime factors of ((-15)/(-3))/(o/15)?
3, 5
Suppose -136 = -4*c + 432. Let i = c - 79. What are the prime factors of i?
3, 7
Suppose -3 = -2*l + 1. Let s(q) = -5*q + 0*q - 3*q + 4*q**l - 3*q**2. List the prime factors of s(9).
3
Let j(p) = 2*p**2 + 4*p - 16. Let v be j(-5). Let s be (-46)/(-10) - v/(-35). Suppose s = -t + 3*i + 3, 10 = t + i. List the prime factors of t.
7
List the prime factors of (56/16 - 1)*(-36702)/(-15).
3, 2039
Let q be (5/(-1) - -3) + 2. Suppose z + 29 = -q*z. List the prime factors of (z/(-3))/((-5)/(-15)).
29
Let d = -710 - -1243. List the prime factors of d.
13, 41
Suppose -37*r + 86567 = 23260. What are the prime factors of r?
29, 59
Suppose -601*c + 599*c + 2662 = 0. List the prime factors of c.
11
Suppose 0 = r + 8*g - 3*g + 20, -r + 4*g = 2. Let i be 204/15 + 6/r. Suppose 3*j - 4*b = 18, 5*j - 3*b = 6 + i. What are the prime factors of j?
2
Let a be (-3)/(12/(-40)*-5). Let m(h) = -7*h - 5. Let j be m(a). Suppose -10*o = -j*o - 13. List the prime factors of o.
13
Let l = -14 + 16. Let h(i) = -5 - 3*i + 6*i**l + 4 + 0. What are the prime factors of h(-2)?
29
Let z = -1808 - -3023. What are the prime factors of z?
3, 5
Suppose -95319 = -7*a - 10*a. List the prime factors of a.
3, 7, 89
Let w(h) = 13*h**2 - 11*h + 18. Let m be w(9). Suppose 7*y + 83 = m. List the prime factors of y.
127
Let w(l) = 11*l + 23. Let f be w(-26). Let a = f + 438. List the prime factors of a.
5, 7
Let t = 19 - 14. Suppose -g + 3*p - 3 = t, 2*p = -5*g + 28. List the prime factors of g.
2
Let o = 438 + -197. List the prime factors of o.
241
List the prime factors of -2 + -7 + 15 + 1038.
2, 3, 29
Suppose 7983 = 10*t - 1567. What are the prime factors of t?
5, 191
Let f(j) = -2*j - 10. Let b be -1 - 1 - (-1 + 6). Let i be f(b). Suppose 3*w = -4*u + 62, -4*u + i*w + 25 = -3*u. What are the prime factors of u?
17
Let y = 105 - -5. Let i = y + -24. List the prime factors of i.
2, 43
Let h(s) = 6*s + 6. Let n(b) = -b**3 + 3*b**2 + 2*b - 2. Let x be n(3). Let w be h(x). Suppose 28*u - w = 26*u. List the prime factors of u.
3, 5
Let q(m) = -m**2 + 738. Let t be q(0). Suppose -t = 44*c - 47*c. List the prime factors of c.
2, 3, 41
Let v = -6 - -11. Suppose v*z - u - 21 = 494, 4*z - 412 = -4*u. What are the prime factors of z?
103
Let d(f) = -62*f**3 + f + 1. Let w be (-5 - (-8 + 5)) + 1 + 0. What are the prime factors of d(w)?
2, 31
Let n = 60 - -6. Suppose -2*j + i - 3*i = -n, -3*i = -5*j + 125. Let f = j + 31. List the prime factors of f.
59
Let q = -1343 + 1937. What are the prime factors of q?
2, 3, 11
Suppose 0*s + 2*s - 28 = 0. Suppose -s*j = -9*j - 15. Suppose -3*v = -2*p - 88, 4*p = -4*v + j*v + 34. What are the prime factors of v?
2, 3, 5
List the prime factors of (-2079)/(-21)*(-2)/(-2).
3, 11
Suppose 0 = -n + 4. Let f = n + 15. What are the prime factors of f?
19
Let w be (-7)/(-21) + (-190)/(-6). Suppose c - w = m - 1, 0 = c + 5*m - 43. What are the prime factors of c?
3, 11
Let v = 471 + 1874. List the prime factors of v.
5, 7, 67
Suppose 7515 = 3*t - 3*n, -2*t - 2*n + 1315 = -3715. List the prime factors of t.
2, 5, 251
Let a(d) = -d**2 - 7*d + 2. Let y be a(-8). Let g = y - -10. Suppose 3*b + 34 = g*r + b, 3*r = 3*b + 27. What are the prime factors of r?
2
Suppose 0 = -4*l - 16, -4*a + 30 + 26 = -5*l. Suppose 29*g - 28*g - a = 0. List the prime factors of g.
3
Suppose -4*u - 12 = 4*w - u, 5*u + 20 = 5*w. Suppose c - 15 = -w. List the prime factors of c.
3, 5
Let o = 1161 - 378. What are the prime factors of o?
3, 29
Suppose -8*p - 348 = 348. Let v = 22 - p. What are the prime factors of v?
109
Let n = -16 - 89. Let m(q) = -25*q + 3. Let x be m(2). Let h = x - n. List the prime factors of h.
2, 29
Let o = 13 - 25. Let f = -19 + 34. What are the prime factors of -12*(-3 - f/o)?
3, 7
Suppose 2*h + 6 = 0, 12 = -3*u - 4*h - 30. Let q = 68 - u. List the prime factors of q.
2, 3, 13
Let m(q) = 2*q**2 + 119*q + 164. What are the prime factors of m(-60)?
2, 7
Let x(i) = -i**3 - 6*i**2 - 4*i - 7. Let m be x(-5). Let d = m + 16. Suppose 14 = 2*u - 2*w, -2*u + 18 - 4 = d*w. What are the prime factors of u?
7
Suppose -5*h = -1419 - 381. Suppose n - 3*x = 6*n - h, -2*x - 10 = 0. Suppose -2*y = 2*y + 3*f - 125, 2*y - f - n = 0. List the prime factors of y.
5, 7
Let o(p) = -p**2 + 34*p + 77. List the prime factors of o(32).
3, 47
Let h = 22 + 24. Let p = 69 - h. List the prime factors of p.
23
Let w(x) = -2*x**2 - x. Let p be w(0). Suppose p = z, -2*m - 48 = -2*z - 232. List the prime factors of m.
2, 23
Suppose 0 = 2*c + 5*h - 5, -h = 4*c + 2 - 3. Let n = 6 - c. Suppose 3*b = 5*b - n. What are the prime factors of b?
3
Let x = 1109 + 473. What are the prime factors of x?
2, 7, 113
Suppose -724 = -2*m - 5*c, m - 22*c - 356 = -26*c. What are the prime factors of m?
2, 3, 31
Let a(b) = -37*b**3 - 2*b**2 - 2*b - 1. Let x be a(-1). Suppose 0 = -2*n - 8 + 12. Suppose -2*y + x = n*y. What are the prime factors of y?
3
Suppose 5*r - 42 = 2*v, -2*r + 70 = -4*v + r. Let y = 83 - v. List the prime factors of y.
3, 11
Let x = 2474 - 1092. List the prime factors of x.
2, 691
Suppose -4*y = -7*y - 12063. Let i = y - -2781. What are the prime factors of i/(-52) + (-2)/(-13)?
2, 3
What are the prime factors of (-40)/24*(-2322)/6?
3, 5, 43
Let i(t) = 33*t**2 + 9*t - 7. Let p be i(-5). Suppose -379 = -9*l + p. What are the prime factors of l?
2
Let a be 4/(4/(-3)) - -114. Let h = a - 50. Let k = -30 + h. What are the prime factors of k?
31
Suppose -4*c + 3*q = -2*q + 16, 2*c + 5*q + 8 = 0. List the prime factors of 62*(-3 + 0 - c).
2, 31
Let x(r) = -r**2 + 2*r. Let m be x(4). Let n be 6/(-8